the remainder when 41 is divided by b?
8
Calculate the remainder when ((-28)/8)/(-7)*36 is divided by 10.
8
Let m = 110 + -65. What is the remainder when m is divided by 16?
13
Suppose -71 = 3*j - 383. Let l = -63 + j. Suppose 76 = 4*z - 8. Calculate the remainder when l is divided by z.
20
Let b(d) = 3*d - 2. Let p be b(-4). Let y(s) = -s**2 + 4*s - 9. Let c be y(4). Let a = c - p. What is the remainder when 12 is divided by a?
2
Let d = 8 + -6. Suppose 90 = -0*l + d*l. What is the remainder when l is divided by 12?
9
Suppose 2*l - l - 73 = -3*c, 0 = -5*c - 3*l + 119. Let r = -7 + 9. Calculate the remainder when c is divided by r - (4 - 60/4).
12
Let q(d) = -d**2 - 8*d - 7. Let o(w) = -w + 18. Calculate the remainder when o(6) is divided by q(-6).
2
Let o(a) = 6*a - 4. Let i be o(-5). Let x = -19 - i. Let z(v) = -6*v - 19. Calculate the remainder when z(-8) is divided by x.
14
Let n be (4 - 2)/(1/(-51)). Let a = 152 + n. Let u = -3 - -16. Calculate the remainder when a is divided by u.
11
Let p be (-28)/16 - 1/4. What is the remainder when (10/(-7))/(p/14) is divided by 4?
2
Suppose 8*p = 75 + 77. What is the remainder when p is divided by 4?
3
What is the remainder when 104 is divided by 22 - ((-26)/(-91) - (-10)/14)?
20
Let g(s) = -s**2 + 7*s - 2. Let r be g(6). Let j(c) = -c - 1. What is the remainder when 2/r - 15/(-6) is divided by j(-3)?
1
Let k be 3/2*32/(-24). Calculate the remainder when 26 - 4*(-1)/k is divided by 13.
11
Let a(m) = -m**2 + m + 9. Let c be ((-4)/(-10))/(2/10). Suppose -3*y + 49 = c*f, -2*f + 11 + 44 = -3*y. Calculate the remainder when f is divided by a(0).
8
Calculate the remainder when -1*5 - (-2 - 90) is divided by 30.
27
Suppose -5*w - m = m + 1380, 0 = w - 3*m + 276. Calculate the remainder when w/(-10) - (-9)/(-15) is divided by 7.
6
Suppose 2*x = -7*x + 18. What is the remainder when 0 + (0 - 0) + 5 is divided by x?
1
Let a be 1/(-3 + 368/124). Let i = 47 + a. Calculate the remainder when i is divided by 6.
4
Suppose -44 - 60 = 4*o + 4*p, -3*o = -4*p + 99. Let s = -20 - o. Calculate the remainder when 26 is divided by s.
8
Suppose 0*q + 3*q = 135. What is the remainder when q is divided by 28?
17
Let i(z) = 3*z - 3. Let u(v) = v - 1. Let g(l) = -4*i(l) + 11*u(l). Calculate the remainder when 11 is divided by g(-2).
2
Suppose 0*y = -3*y. Let v = -2 - -7. What is the remainder when v is divided by y/2 + -5 + 8?
2
Suppose -4 = c + 4. Let z = 4 - c. Let q = -7 + z. Calculate the remainder when 9 is divided by q.
4
Let z be 5/20 + 3/(-12). Suppose z*i = -3*i + 4*c + 24, -4*i - c + 32 = 0. What is the remainder when 39 is divided by i?
7
Suppose 7 + 1 = 2*z. Let y(f) = 2 - 6 + 2*f - 2. Calculate the remainder when z is divided by y(4).
0
Let q(p) = -p**2 + p + 1. Let r(j) = 2*j**2 + j - 14. Let b(a) = q(a) + r(a). What is the remainder when 43 is divided by b(-6)?
10
Let g(y) = -2*y**2 - 64*y + 47. Calculate the remainder when g(-32) is divided by 24.
23
What is the remainder when 36 is divided by 2/(-3) + (-104)/(-12)?
4
Suppose w + 2*k = 87, -2*w + 2*k + 144 = -0*k. Let x = -2 - -2. Suppose x = -7*v + 2*v + 5, 0 = 4*s + v - w. What is the remainder when s is divided by 7?
5
Let n(r) = -r + 8 + r + 2*r. Calculate the remainder when n(4) is divided by 6.
4
Let f(y) = 73*y**2 - y. What is the remainder when f(1) is divided by 19?
15
Suppose 0*k - 3*k + 18 = 0. Calculate the remainder when 89/2 + k/(-12) is divided by 15.
14
Let z(p) = 2*p**2 + 4*p + 7. Let b be z(5). Let c = b - 36. Calculate the remainder when c is divided by 7.
6
Let k be 3 + -2 - (22 - -4). Calculate the remainder when 7/(-21) + k/(-3) is divided by 5.
3
Let t be 2 + 4 + (3 - 4). Suppose 113 + t = 2*k. Calculate the remainder when k is divided by 30.
29
Let b = 37 + -3. What is the remainder when b is divided by 9?
7
Let f = 12 - 3. Suppose -k = 2*g + 2*k - 47, -2*k = -4*g + 102. Calculate the remainder when g is divided by f.
7
Suppose -4*o + 15 = -21. Calculate the remainder when 35 is divided by o.
8
Suppose -2*b - 2*b + 32 = 0. Calculate the remainder when 14 is divided by b.
6
Let k = -11 + 27. What is the remainder when ((-24)/6 - -3) + (1 - -2) is divided by (-4)/6 + k/6?
0
Let i = -5 + 5. Let m be -2 - 7*(i + 1). Let b(s) = -s - 6. Calculate the remainder when 4 is divided by b(m).
1
Let n = -9 + 10. Suppose 0 = 6*r - 4*r - 98. Calculate the remainder when r is divided by (3 + -20)*(-2 + n).
15
Let a = -118 - -76. Let j = -19 - a. Let k(s) = -s**3 + 20*s**2 + 24*s - 19. What is the remainder when k(21) is divided by j?
21
Let k(c) = -c**2 + 13*c - 15. Calculate the remainder when k(8) is divided by 9.
7
Let c = 31 + -27. Calculate the remainder when c is divided by 3.
1
Let h(o) = -3*o - 13. What is the remainder when 59 is divided by h(-11)?
19
Let n = 148 - 130. What is the remainder when 36 + 2/(-2 + 0) is divided by n?
17
Let o = -205 - -255. What is the remainder when o is divided by 13?
11
Suppose -2 = 4*f - 14. Let k(p) be the third derivative of -p**5/60 - p**4/4 + 7*p**3/6 - p**2. What is the remainder when k(-6) is divided by f?
1
Suppose 43 = 3*y + 2*q, -8 = -3*y + 4*q + q. Calculate the remainder when y is divided by (-4)/6*18/(-4).
2
Suppose y - 2*y + 6 = 0. Suppose 3*a = 3 + y. What is the remainder when a is divided by 3?
0
Suppose 0 = -3*m + 78 + 6. What is the remainder when m is divided by 15?
13
What is the remainder when 52 is divided by -2*3/12*-22?
8
Let x(d) = -d**2 + 13*d - 10. What is the remainder when 38 is divided by x(10)?
18
Let p(m) = 2*m**3 + 3*m**2 + 2*m + 3. Let n be p(3). Let z = 143 - n. Suppose -14*o + 16*o - 36 = 0. What is the remainder when z is divided by o?
17
Let u = 50 + -32. What is the remainder when 143 is divided by u?
17
Suppose -v + 2*v = 0. Suppose -4*a + 3*p + 116 = v, -2*a + 3*a = p + 29. Let b = a - 21. Calculate the remainder when b is divided by 3.
2
Let c(t) = -t**3 - 8*t**2 + 6*t - 8. Calculate the remainder when 54 is divided by c(-9).
16
Suppose -5*j + 193 = 23. What is the remainder when j is divided by 7?
6
Let j = 124 - 75. Calculate the remainder when j is divided by 10.
9
Let p = 61 + -12. Let y(q) = 2*q + 15. Let z(c) = -c - 14. Let x(b) = -5*y(b) - 4*z(b). What is the remainder when p is divided by x(-6)?
15
Suppose 3*b - 2*j + 3*j - 72 = 0, -3*b + 5*j + 90 = 0. Let w = 43 - b. Calculate the remainder when w/(-99) - (-189)/11 is divided by 9.
8
Suppose -y + 5*y - 60 = 0. Let l(a) = -3*a**3 - 3*a**2 + 5. Calculate the remainder when l(-3) is divided by y.
14
Suppose -5*h + 49 + 58 = 3*u, -u - 53 = -3*h. Let m = -38 + h. Let f = 37 + m. Calculate the remainder when f is divided by 7.
4
Let h(k) be the first derivative of 3*k**2/2 + 6*k - 4. Calculate the remainder when h(6) is divided by 9.
6
Let i(n) be the third derivative of -n**2 + 0 + 1/8*n**4 + 0*n + 1/6*n**3. Calculate the remainder when 19 is divided by i(3).
9
What is the remainder when 67 is divided by ((-20)/4)/(1/(-7))?
32
Suppose -c + 3*c = i + 40, 4*i = -8. What is the remainder when c is divided by 11?
8
Let q = -2 - -5. Suppose q - 11 = -2*h. Let c = 0 + h. Calculate the remainder when c is divided by 3.
1
Let s = -19 + 36. What is the remainder when s is divided by 6?
5
Suppose -22 = 23*r - 24*r. What is the remainder when r is divided by 16?
6
Suppose -10 - 17 = -3*i. Calculate the remainder when i is divided by (-2)/4 - (-104)/16.
3
What is the remainder when -6*((8 - 4) + -5) is divided by 3?
0
Suppose -4*i + 5*f = -449, i - 116 = f + 4*f. What is the remainder when i is divided by 38?
35
Let w = 4 + -2. Let z = w + -4. Let f = 15 + z. Calculate the remainder when 37 is divided by f.
11
Calculate the remainder when 9 is divided by (-4 - -2)/2*-2.
1
Suppose -u = -26 - 6. Calculate the remainder when 63 is divided by u.
31
Suppose 0 = -6*j + 2*j + 344. What is the remainder when j is divided by 22?
20
Let f = -58 + 95. Let a be ((-2)/(-4))/((-1)/2). Let u(c) = -20*c**3 - 2*c**2 - 2*c - 1. What is the remainder when f is divided by u(a)?
18
Suppose -n - 3 = 0, 5*n - 370 = -2*x - 3*x. What is the remainder when x is divided by 40?
37
Let f(o) = -5*o + 4. Let a be f(3). Let m(y) = -12*y**2 + y + 2. Let c be m(2). What is the remainder when (-492)/c + 2/a is divided by 4?
3
Let j = 2 - -2. Suppose 32 = 3*g 